{"id":255,"date":"2026-02-25T12:05:25","date_gmt":"2026-02-25T11:05:25","guid":{"rendered":"https:\/\/vidaillet-paysagiste.com\/?page_id=255"},"modified":"2026-02-26T10:18:51","modified_gmt":"2026-02-26T09:18:51","slug":"micro-irrigation","status":"publish","type":"page","link":"https:\/\/vidaillet-paysagiste.com\/index.php\/nos-realisations-2\/micro-irrigation\/","title":{"rendered":"Micro-irrigation"},"content":{"rendered":"\n<div class=\"wp-block-columns is-layout-flex wp-container-core-columns-is-layout-9d6595d7 wp-block-columns-is-layout-flex\">\n<div class=\"wp-block-column is-layout-flow wp-block-column-is-layout-flow\">\n<figure class=\"wp-block-image size-full\"><img loading=\"lazy\" decoding=\"async\" width=\"800\" height=\"570\" src=\"https:\/\/vidaillet-paysagiste.com\/wp-content\/uploads\/2026\/02\/arrosage-goutte-a-goutte.jpg\" alt=\"\" class=\"wp-image-307\" srcset=\"https:\/\/vidaillet-paysagiste.com\/wp-content\/uploads\/2026\/02\/arrosage-goutte-a-goutte.jpg 800w, https:\/\/vidaillet-paysagiste.com\/wp-content\/uploads\/2026\/02\/arrosage-goutte-a-goutte-300x214.jpg 300w, https:\/\/vidaillet-paysagiste.com\/wp-content\/uploads\/2026\/02\/arrosage-goutte-a-goutte-768x547.jpg 768w\" sizes=\"auto, (max-width: 767px) 89vw, (max-width: 1000px) 54vw, (max-width: 1071px) 543px, 580px\" \/><\/figure>\n<\/div>\n<\/div>\n\n\n\n<p><strong>DESCRIPTION<\/strong><\/p>\n\n\n\n<p>L\u2019utilisation de la micro-irrigation a de nombreux int\u00e9r\u00eats, d\u2019autant plus sous notre climat relativement aride sur une grande p\u00e9riode de l\u2019ann\u00e9e. Elle permet notamment de r\u00e9aliser d\u2019\u00e9normes \u00e9conomies d\u2019eau, d\u2019\u00eatre coupl\u00e9e \u00e0 un programmateur, d\u2019\u00e9viter l\u2019\u00e9vaporation, le d\u00e9veloppement de maladies propag\u00e9es par arrosage du feuillage, de permettre la diffusion lente d\u2019engrais, d\u2019avoir un arrosage plus localis\u00e9 \u00e9vitant le d\u00e9veloppement de mauvaises herbes et favorisant l\u2019enracinement des v\u00e9g\u00e9taux.&nbsp;<\/p>\n\n\n\n<p><strong>AVANTAGES<\/strong><\/p>\n\n\n\n<p>Esth\u00e9tique:&nbsp;<\/p>\n\n\n\n<div class=\"wp-block-group is-nowrap is-layout-flex wp-container-core-group-is-layout-ad2f72ca wp-block-group-is-layout-flex\">\n<p>Les tubes en pvc que nous utilisons sont de couleur marron pour mieux se confondre avec le sol. Nous les fixons \u00e0 l\u2019aide de crampons afin qu\u2019ils soient plus discrets et pour p\u00e9renniser leur emplacement.\u00a0<br><br><br><\/p>\n<\/div>\n\n\n<div class=\"wp-block-image\">\n<figure class=\"alignleft size-full is-resized\"><img loading=\"lazy\" decoding=\"async\" width=\"600\" height=\"600\" src=\"https:\/\/vidaillet-paysagiste.com\/wp-content\/uploads\/2026\/02\/p34cl3d_0_20231209193516_1.jpg\" alt=\"\" class=\"wp-image-300\" style=\"width:187px;height:auto\" srcset=\"https:\/\/vidaillet-paysagiste.com\/wp-content\/uploads\/2026\/02\/p34cl3d_0_20231209193516_1.jpg 600w, https:\/\/vidaillet-paysagiste.com\/wp-content\/uploads\/2026\/02\/p34cl3d_0_20231209193516_1-300x300.jpg 300w, https:\/\/vidaillet-paysagiste.com\/wp-content\/uploads\/2026\/02\/p34cl3d_0_20231209193516_1-150x150.jpg 150w, https:\/\/vidaillet-paysagiste.com\/wp-content\/uploads\/2026\/02\/p34cl3d_0_20231209193516_1-100x100.jpg 100w\" sizes=\"auto, (max-width: 600px) 100vw, 600px\" \/><\/figure>\n<\/div>\n\n\n<p><br><br><br><br><br><br><br><br><br>Facilit\u00e9 d\u2019installation:<\/p>\n\n\n\n<p>Les raccords que nous utilisons sont les plus rapides \u00e0 mettre en place et permettent un tr\u00e8s bon maintien sans vriller les tubes.&nbsp;<\/p>\n\n\n<div class=\"wp-block-image\">\n<figure class=\"aligncenter size-large\"><img loading=\"lazy\" decoding=\"async\" width=\"1024\" height=\"281\" src=\"https:\/\/vidaillet-paysagiste.com\/wp-content\/uploads\/2026\/02\/raccords-sombre-1024x281.jpg\" alt=\"\" class=\"wp-image-380\" srcset=\"https:\/\/vidaillet-paysagiste.com\/wp-content\/uploads\/2026\/02\/raccords-sombre-1024x281.jpg 1024w, https:\/\/vidaillet-paysagiste.com\/wp-content\/uploads\/2026\/02\/raccords-sombre-300x82.jpg 300w, https:\/\/vidaillet-paysagiste.com\/wp-content\/uploads\/2026\/02\/raccords-sombre-768x211.jpg 768w, https:\/\/vidaillet-paysagiste.com\/wp-content\/uploads\/2026\/02\/raccords-sombre.jpg 1287w\" sizes=\"auto, (max-width: 767px) 89vw, (max-width: 1000px) 54vw, (max-width: 1071px) 543px, 580px\" \/><\/figure>\n<\/div>\n\n\n<div class=\"wp-block-group is-nowrap is-layout-flex wp-container-core-group-is-layout-ad2f72ca wp-block-group-is-layout-flex\">\n<p>Les goutteurs auto per\u00e7ants sont aussi une tr\u00e8s bonne solution pour gagner du temps lors de l\u2019installation.\u00a0<br><br><\/p>\n<\/div>\n\n\n<div class=\"wp-block-image\">\n<figure class=\"aligncenter size-full\"><img loading=\"lazy\" decoding=\"async\" width=\"600\" height=\"138\" src=\"https:\/\/vidaillet-paysagiste.com\/wp-content\/uploads\/2026\/02\/goutteurs-sombre.jpg\" alt=\"\" class=\"wp-image-386\" srcset=\"https:\/\/vidaillet-paysagiste.com\/wp-content\/uploads\/2026\/02\/goutteurs-sombre.jpg 600w, https:\/\/vidaillet-paysagiste.com\/wp-content\/uploads\/2026\/02\/goutteurs-sombre-300x69.jpg 300w\" sizes=\"auto, (max-width: 600px) 100vw, 600px\" \/><\/figure>\n<\/div>\n\n\n<div class=\"wp-block-group is-nowrap is-layout-flex wp-container-core-group-is-layout-ad2f72ca wp-block-group-is-layout-flex\">\n<p><br><br>Afin de placer plus facilement les tubes au plus pr\u00e8s des v\u00e9g\u00e9taux les crampons sont aussi tr\u00e8s utiles.\u00a0<br><br><\/p>\n<\/div>\n\n\n\n<figure class=\"wp-block-image size-full is-resized\"><img loading=\"lazy\" decoding=\"async\" width=\"1000\" height=\"1000\" src=\"https:\/\/vidaillet-paysagiste.com\/wp-content\/uploads\/2026\/02\/crampon-de-sol-marron-netafim-diam-16-20-mm-20-unites-1.jpg\" alt=\"\" class=\"wp-image-387\" style=\"width:152px;height:auto\" srcset=\"https:\/\/vidaillet-paysagiste.com\/wp-content\/uploads\/2026\/02\/crampon-de-sol-marron-netafim-diam-16-20-mm-20-unites-1.jpg 1000w, https:\/\/vidaillet-paysagiste.com\/wp-content\/uploads\/2026\/02\/crampon-de-sol-marron-netafim-diam-16-20-mm-20-unites-1-300x300.jpg 300w, https:\/\/vidaillet-paysagiste.com\/wp-content\/uploads\/2026\/02\/crampon-de-sol-marron-netafim-diam-16-20-mm-20-unites-1-150x150.jpg 150w, https:\/\/vidaillet-paysagiste.com\/wp-content\/uploads\/2026\/02\/crampon-de-sol-marron-netafim-diam-16-20-mm-20-unites-1-768x768.jpg 768w, https:\/\/vidaillet-paysagiste.com\/wp-content\/uploads\/2026\/02\/crampon-de-sol-marron-netafim-diam-16-20-mm-20-unites-1-100x100.jpg 100w\" sizes=\"auto, (max-width: 767px) 89vw, (max-width: 1000px) 54vw, (max-width: 1071px) 543px, 580px\" \/><\/figure>\n\n\n\n<p><br><br>Lorsque des surfaces sont v\u00e9g\u00e9talis\u00e9es uniform\u00e9ment nous optons pour des tuyaux \u00e0 goutteurs int\u00e9gr\u00e9s autor\u00e9gulants enterrables 1,6l\/h espac\u00e9s de 30 ou 50cm, qui permettent la cr\u00e9ation de zones humides en p\u00e9riph\u00e9rie du tuyau.&nbsp;<\/p>\n\n\n<div class=\"wp-block-image\">\n<figure class=\"aligncenter size-full is-resized\"><img loading=\"lazy\" decoding=\"async\" width=\"400\" height=\"400\" src=\"https:\/\/vidaillet-paysagiste.com\/wp-content\/uploads\/2026\/02\/Unitechline-Netafim-1-edited.jpg\" alt=\"\" class=\"wp-image-389\" style=\"width:290px;height:auto\" srcset=\"https:\/\/vidaillet-paysagiste.com\/wp-content\/uploads\/2026\/02\/Unitechline-Netafim-1-edited.jpg 400w, https:\/\/vidaillet-paysagiste.com\/wp-content\/uploads\/2026\/02\/Unitechline-Netafim-1-edited-300x300.jpg 300w, https:\/\/vidaillet-paysagiste.com\/wp-content\/uploads\/2026\/02\/Unitechline-Netafim-1-edited-150x150.jpg 150w, https:\/\/vidaillet-paysagiste.com\/wp-content\/uploads\/2026\/02\/Unitechline-Netafim-1-edited-100x100.jpg 100w\" sizes=\"auto, (max-width: 400px) 100vw, 400px\" \/><\/figure>\n<\/div>\n\n\n<p>Facilit\u00e9 d\u2019entretien:<\/p>\n\n\n\n<p>Le mat\u00e9riel utilis\u00e9 r\u00e9duit consid\u00e9rablement le nombre de passages de v\u00e9rification.&nbsp;<\/p>\n\n\n\n<p>P\u00e9rennit\u00e9:<br>Le mat\u00e9riel utilis\u00e9 a une bonne r\u00e9sistance aux UV et nous faisons tout notre possible lors de l\u2019installation pour qu\u2019il ne soit pas victime d\u2019arrachage par inadvertance.&nbsp;<\/p>\n\n\n\n<p>Les goutteurs que nous utilisons sont autonettoyants ce qui facilite les v\u00e9rifications futures.&nbsp;<\/p>\n\n\n\n<p><strong>INFOS PRATIQUES<\/strong><\/p>\n\n\n\n<p>Pour la r\u00e9alisation de nos arrosages en micro-irrigation, nous utilisons des syst\u00e8mes autor\u00e9gulants de qualit\u00e9 qui permettent de conserver une pression r\u00e9guli\u00e8re sur toute la longueur des r\u00e9seaux quelle que soit leur longueur ou leur inclinaison, pour une meilleure r\u00e9partition ainsi qu\u2019une \u00e9conomie d\u2019eau.&nbsp;<\/p>\n\n\n\n<p>Il est aussi possible de faire circuler des tuyaux fins de 6mm plus discrets et plus souples pour alimenter en appoint des pots, bacs ou jardini\u00e8res isol\u00e9es.<\/p>\n","protected":false},"excerpt":{"rendered":"<p>DESCRIPTION L\u2019utilisation de la micro-irrigation a de nombreux int\u00e9r\u00eats, d\u2019autant plus sous notre climat relativement aride sur une grande p\u00e9riode de l\u2019ann\u00e9e. Elle permet notamment de r\u00e9aliser d\u2019\u00e9normes \u00e9conomies d\u2019eau, d\u2019\u00eatre coupl\u00e9e \u00e0 un programmateur, d\u2019\u00e9viter l\u2019\u00e9vaporation, le d\u00e9veloppement de maladies propag\u00e9es par arrosage du feuillage, de permettre la diffusion lente d\u2019engrais, d\u2019avoir un arrosage &hellip; <\/p>\n<p class=\"link-more\"><a href=\"https:\/\/vidaillet-paysagiste.com\/index.php\/nos-realisations-2\/micro-irrigation\/\" class=\"more-link\">Continuer la lecture<span class=\"screen-reader-text\"> de &laquo;&nbsp;Micro-irrigation&nbsp;&raquo;<\/span><\/a><\/p>\n","protected":false},"author":1,"featured_media":0,"parent":114,"menu_order":0,"comment_status":"closed","ping_status":"closed","template":"","meta":{"footnotes":""},"class_list":["post-255","page","type-page","status-publish","hentry"],"_links":{"self":[{"href":"https:\/\/vidaillet-paysagiste.com\/index.php\/wp-json\/wp\/v2\/pages\/255","targetHints":{"allow":["GET"]}}],"collection":[{"href":"https:\/\/vidaillet-paysagiste.com\/index.php\/wp-json\/wp\/v2\/pages"}],"about":[{"href":"https:\/\/vidaillet-paysagiste.com\/index.php\/wp-json\/wp\/v2\/types\/page"}],"author":[{"embeddable":true,"href":"https:\/\/vidaillet-paysagiste.com\/index.php\/wp-json\/wp\/v2\/users\/1"}],"replies":[{"embeddable":true,"href":"https:\/\/vidaillet-paysagiste.com\/index.php\/wp-json\/wp\/v2\/comments?post=255"}],"version-history":[{"count":10,"href":"https:\/\/vidaillet-paysagiste.com\/index.php\/wp-json\/wp\/v2\/pages\/255\/revisions"}],"predecessor-version":[{"id":390,"href":"https:\/\/vidaillet-paysagiste.com\/index.php\/wp-json\/wp\/v2\/pages\/255\/revisions\/390"}],"up":[{"embeddable":true,"href":"https:\/\/vidaillet-paysagiste.com\/index.php\/wp-json\/wp\/v2\/pages\/114"}],"wp:attachment":[{"href":"https:\/\/vidaillet-paysagiste.com\/index.php\/wp-json\/wp\/v2\/media?parent=255"}],"curies":[{"name":"wp","href":"https:\/\/api.w.org\/{rel}","templated":true}]}}