{"id":246,"date":"2026-02-25T11:55:17","date_gmt":"2026-02-25T10:55:17","guid":{"rendered":"https:\/\/vidaillet-paysagiste.com\/?page_id=246"},"modified":"2026-02-25T12:28:51","modified_gmt":"2026-02-25T11:28:51","slug":"bordures-en-traverses-paysageres","status":"publish","type":"page","link":"https:\/\/vidaillet-paysagiste.com\/index.php\/nos-realisations-2\/bordures-en-traverses-paysageres\/","title":{"rendered":"Bordures en traverses paysag\u00e8res"},"content":{"rendered":"\n<p><\/p>\n\n\n\n<figure class=\"wp-block-image size-large\"><img loading=\"lazy\" decoding=\"async\" width=\"1024\" height=\"473\" src=\"https:\/\/vidaillet-paysagiste.com\/wp-content\/uploads\/2026\/02\/unnamed-1024x473.jpg\" alt=\"\" class=\"wp-image-284\" srcset=\"https:\/\/vidaillet-paysagiste.com\/wp-content\/uploads\/2026\/02\/unnamed-1024x473.jpg 1024w, https:\/\/vidaillet-paysagiste.com\/wp-content\/uploads\/2026\/02\/unnamed-300x139.jpg 300w, https:\/\/vidaillet-paysagiste.com\/wp-content\/uploads\/2026\/02\/unnamed-768x355.jpg 768w, https:\/\/vidaillet-paysagiste.com\/wp-content\/uploads\/2026\/02\/unnamed-1536x709.jpg 1536w, https:\/\/vidaillet-paysagiste.com\/wp-content\/uploads\/2026\/02\/unnamed.jpg 1600w\" sizes=\"auto, (max-width: 767px) 89vw, (max-width: 1000px) 54vw, (max-width: 1071px) 543px, 580px\" \/><\/figure>\n\n\n\n<p><\/p>\n\n\n\n<p><strong>DESCRIPTION<\/strong><\/p>\n\n\n\n<p>COMPOSITION DU REV\u00caTEMENT<\/p>\n\n\n\n<p>Tuf compact\u00e9&nbsp;<\/p>\n\n\n\n<p>DISPOSITION<\/p>\n\n\n\n<p>Les traverses sont enterr\u00e9es \u00e0 20cm de profondeur.&nbsp;<\/p>\n\n\n\n<p>Elles sont agenc\u00e9es de fa\u00e7on \u00e0 ce que les hauteurs varient r\u00e9guli\u00e8rement de mani\u00e8re \u00e0 ce que la structure reste harmonieuse avec la configuration du lieu.&nbsp;<\/p>\n\n\n\n<p>TRAVERSES PAYSAG\u00c8RES EN CH\u00caNE (pos\u00e9e au sol)<\/p>\n\n\n\n<p>Largeur &#8230;&#8230;&#8230;&#8230;.. 200mm<\/p>\n\n\n\n<p>\u00c9paisseur &#8230;&#8230;&#8230;.100mm<\/p>\n\n\n\n<p>Hauteur &#8230;&#8230;&#8230;&#8230;..300 \u00e0 500mm selon la d\u00e9coupe effectu\u00e9e pour la pose<\/p>\n\n\n\n<figure class=\"wp-block-image size-large\"><img loading=\"lazy\" decoding=\"async\" width=\"1024\" height=\"473\" src=\"https:\/\/vidaillet-paysagiste.com\/wp-content\/uploads\/2026\/02\/unnamed-2-1024x473.jpg\" alt=\"\" class=\"wp-image-283\" srcset=\"https:\/\/vidaillet-paysagiste.com\/wp-content\/uploads\/2026\/02\/unnamed-2-1024x473.jpg 1024w, https:\/\/vidaillet-paysagiste.com\/wp-content\/uploads\/2026\/02\/unnamed-2-300x139.jpg 300w, https:\/\/vidaillet-paysagiste.com\/wp-content\/uploads\/2026\/02\/unnamed-2-768x355.jpg 768w, https:\/\/vidaillet-paysagiste.com\/wp-content\/uploads\/2026\/02\/unnamed-2-1536x709.jpg 1536w, https:\/\/vidaillet-paysagiste.com\/wp-content\/uploads\/2026\/02\/unnamed-2.jpg 1600w\" sizes=\"auto, (max-width: 767px) 89vw, (max-width: 1000px) 54vw, (max-width: 1071px) 543px, 580px\" \/><\/figure>\n\n\n\n<p><\/p>\n\n\n\n<p><strong>PRINCIPE DE POSE<\/strong><\/p>\n\n\n\n<p>Apport de tuf sur toute la surface du terrain qui accueillera la structure.&nbsp;&nbsp;<\/p>\n\n\n\n<p>Piquetage pour rep\u00e9rer le p\u00e9rim\u00e8tre de celle-ci.<\/p>\n\n\n\n<p>D\u00e9caissement sur une vingtaine de centim\u00e8tres tout en nivelant approximativement.&nbsp;&nbsp;<\/p>\n\n\n\n<p>Mise \u00e0 niveau et agencement des traverses en ch\u00eane.<\/p>\n\n\n\n<p>Compactage et blocage de tous les \u00e9l\u00e9ments.&nbsp;<\/p>\n\n\n\n<p>Une fois les traverses fix\u00e9es, le tuff restant au milieu du terrain sera r\u00e9parti uniform\u00e9ment sur toute la surface, nivel\u00e9 et compact\u00e9 \u00e0 la plaque vibrante.&nbsp;<\/p>\n\n\n\n<figure class=\"wp-block-image size-large\"><img loading=\"lazy\" decoding=\"async\" width=\"1024\" height=\"473\" src=\"https:\/\/vidaillet-paysagiste.com\/wp-content\/uploads\/2026\/02\/unnamed-1-1024x473.jpg\" alt=\"\" class=\"wp-image-282\" srcset=\"https:\/\/vidaillet-paysagiste.com\/wp-content\/uploads\/2026\/02\/unnamed-1-1024x473.jpg 1024w, https:\/\/vidaillet-paysagiste.com\/wp-content\/uploads\/2026\/02\/unnamed-1-300x139.jpg 300w, https:\/\/vidaillet-paysagiste.com\/wp-content\/uploads\/2026\/02\/unnamed-1-768x355.jpg 768w, https:\/\/vidaillet-paysagiste.com\/wp-content\/uploads\/2026\/02\/unnamed-1-1536x709.jpg 1536w, https:\/\/vidaillet-paysagiste.com\/wp-content\/uploads\/2026\/02\/unnamed-1.jpg 1600w\" sizes=\"auto, (max-width: 767px) 89vw, (max-width: 1000px) 54vw, (max-width: 1071px) 543px, 580px\" \/><\/figure>\n","protected":false},"excerpt":{"rendered":"<p>DESCRIPTION COMPOSITION DU REV\u00caTEMENT Tuf compact\u00e9&nbsp; DISPOSITION Les traverses sont enterr\u00e9es \u00e0 20cm de profondeur.&nbsp; Elles sont agenc\u00e9es de fa\u00e7on \u00e0 ce que les hauteurs varient r\u00e9guli\u00e8rement de mani\u00e8re \u00e0 ce que la structure reste harmonieuse avec la configuration du lieu.&nbsp; TRAVERSES PAYSAG\u00c8RES EN CH\u00caNE (pos\u00e9e au sol) Largeur &#8230;&#8230;&#8230;&#8230;.. 200mm \u00c9paisseur &#8230;&#8230;&#8230;.100mm Hauteur &#8230;&#8230;&#8230;&#8230;..300 &hellip; <\/p>\n<p class=\"link-more\"><a href=\"https:\/\/vidaillet-paysagiste.com\/index.php\/nos-realisations-2\/bordures-en-traverses-paysageres\/\" class=\"more-link\">Continuer la lecture<span class=\"screen-reader-text\"> de &laquo;&nbsp;Bordures en traverses paysag\u00e8res&nbsp;&raquo;<\/span><\/a><\/p>\n","protected":false},"author":1,"featured_media":0,"parent":114,"menu_order":0,"comment_status":"closed","ping_status":"closed","template":"","meta":{"footnotes":""},"class_list":["post-246","page","type-page","status-publish","hentry"],"_links":{"self":[{"href":"https:\/\/vidaillet-paysagiste.com\/index.php\/wp-json\/wp\/v2\/pages\/246","targetHints":{"allow":["GET"]}}],"collection":[{"href":"https:\/\/vidaillet-paysagiste.com\/index.php\/wp-json\/wp\/v2\/pages"}],"about":[{"href":"https:\/\/vidaillet-paysagiste.com\/index.php\/wp-json\/wp\/v2\/types\/page"}],"author":[{"embeddable":true,"href":"https:\/\/vidaillet-paysagiste.com\/index.php\/wp-json\/wp\/v2\/users\/1"}],"replies":[{"embeddable":true,"href":"https:\/\/vidaillet-paysagiste.com\/index.php\/wp-json\/wp\/v2\/comments?post=246"}],"version-history":[{"count":3,"href":"https:\/\/vidaillet-paysagiste.com\/index.php\/wp-json\/wp\/v2\/pages\/246\/revisions"}],"predecessor-version":[{"id":285,"href":"https:\/\/vidaillet-paysagiste.com\/index.php\/wp-json\/wp\/v2\/pages\/246\/revisions\/285"}],"up":[{"embeddable":true,"href":"https:\/\/vidaillet-paysagiste.com\/index.php\/wp-json\/wp\/v2\/pages\/114"}],"wp:attachment":[{"href":"https:\/\/vidaillet-paysagiste.com\/index.php\/wp-json\/wp\/v2\/media?parent=246"}],"curies":[{"name":"wp","href":"https:\/\/api.w.org\/{rel}","templated":true}]}}